 -e5919e - -2?
-e5919c
In base 6, what is -54234542 + -13?
-54234555
In base 3, what is -12221122 - -1110111122?
1020120000
In base 2, what is 111001110101101001 - 10001001?
111001110011100000
In base 11, what is 2a349 + 11a4?
30542
In base 9, what is -28545505 + -5?
-28545511
In base 7, what is 46 + 146513?
146562
In base 5, what is -234012012044 - -1?
-234012012043
In base 10, what is 1469 - 10387?
-8918
In base 9, what is -1708873 - -44?
-1708828
In base 11, what is -1165a1113 + 0?
-1165a1113
In base 2, what is -1000011 - -1010101110111000101100?
1010101110110111101001
In base 9, what is 73 - -14106133?
14106216
In base 5, what is 122004211 + 14?
122004230
In base 10, what is 6 - -4747104?
4747110
In base 8, what is 73741211 + -31?
73741160
In base 8, what is 0 + 14046740?
14046740
In base 5, what is -4 + 102304302100?
102304302041
In base 14, what is 1a + -537061?
-537045
In base 9, what is -1531 - 64318?
-65850
In base 8, what is 2 - -7627705?
7627707
In base 11, what is -468 + -4501?
-4969
In base 12, what is -6 + -58181b?
-581825
In base 10, what is 232972 - 97?
232875
In base 16, what is -4 + -442d65?
-442d69
In base 5, what is 2 + 44044421?
44044423
In base 3, what is 22122200 - 12210020?
2212110
In base 15, what is 194c4c - 4e?
194bed
In base 8, what is 170073 + -515?
167356
In base 4, what is -2333021 - -1010?
-2332011
In base 15, what is -a847b - -1e?
-a845c
In base 5, what is -2 + 34010023?
34010021
In base 3, what is 10000211 + -122221221?
-112221010
In base 3, what is -1200112120 - 1102000?
-1201221120
In base 9, what is 2557 - -457?
3125
In base 5, what is -4014044 - 32203?
-4101302
In base 14, what is 5 + 631dd4?
631dd9
In base 12, what is -3ba4591 + -2?
-3ba4593
In base 15, what is -1b48 - 357?
-1ea0
In base 7, what is 161366055 - 3?
161366052
In base 13, what is -1aa52 + 16c?
-1a8b3
In base 14, what is 17d + -5b92c?
-5b78d
In base 6, what is -5 - -311502505?
311502500
In base 13, what is -4a3735 + 4?
-4a3731
In base 2, what is -1000001000 - -100010001101?
11010000101
In base 15, what is 18ad3b26 + 1?
18ad3b27
In base 14, what is 1 + 695598?
695599
In base 11, what is 13373 + 8a4?
14167
In base 16, what is -60eb4 - -4b?
-60e69
In base 7, what is 1 + -211115642?
-211115641
In base 15, what is 7a34760 - 3?
7a3475c
In base 13, what is 247 + 5c78?
61c2
In base 14, what is 3 - 276834c?
-2768349
In base 8, what is 122330107 + 10?
122330117
In base 4, what is 30202030220 + 20?
30202030300
In base 4, what is 10 + 11121200001012?
11121200001022
In base 6, what is 35204112 - -2311?
35210423
In base 4, what is 301213131122 + 11?
301213131133
In base 2, what is -1110011110000011110111101 + 11?
-1110011110000011110111010
In base 12, what is -4 + -1881b46?
-1881b4a
In base 10, what is 150495 + 38?
150533
In base 14, what is -2 + -32c290?
-32c292
In base 10, what is -296941 + -40?
-296981
In base 5, what is -243421 - -312?
-243104
In base 3, what is 100001012112022 - 1110?
100001012110212
In base 7, what is -5 + 215523225?
215523220
In base 3, what is 22110101211 + 0?
22110101211
In base 15, what is -5c360 + -9a?
-5c40a
In base 5, what is 1 + -20111104443?
-20111104442
In base 12, what is 151b5b - 11?
151b4a
In base 12, what is -4b5 - -397?
-11a
In base 4, what is 13320222 - -233031?
20213313
In base 7, what is 21 - 133240520?
-133240466
In base 9, what is 6173021381 + -2?
6173021378
In base 14, what is 9b6 + -1d901?
-1cd29
In base 3, what is -12 + 1001102210211111?
1001102210211022
In base 13, what is -13 - ab0b364?
-ab0b377
In base 10, what is 35081 + -4?
35077
In base 2, what is -10111101000011 + 1011101010?
-10110001011001
In base 13, what is 36b - -29a1b?
2a089
In base 12, what is b25 + -b0696?
-ab771
In base 15, what is -1d - 4a3bed?
-4a3c1b
In base 5, what is -420410423 - 12?
-420410440
In base 9, what is 3014602 - 0?
3014602
In base 15, what is d3b0a1 + 0?
d3b0a1
In base 6, what is 1455505243 + -12?
1455505231
In base 5, what is 1143031103324 - 4?
1143031103320
In base 9, what is -3553273 - 18?
-3553302
In base 12, what is 73 + 49509?
49580
In base 3, what is 111100021101 + 200?
111100022001
In base 3, what is -101212010120 - -200?
-101212002220
In base 4, what is -10113023121 - 11?
-10113023132
In base 7, what is -30 - -552562142?
552562112
In base 13, what is -1227 - -a795?
956b
In base 13, what is -3 - -6b70578?
6b70575
In base 6, what is 410133200 + -1?
410133155
In base 7, what is -6 + -11156613604?
-11156613613
In base 11, what is 355950 + 1?
355951
In base 14, what is -5a28d00 - 4?
-5a28d04
In base 12, what is b60573 + 2?
b60575
In base 13, what is 0 + 6c8658?
6c8658
In base 12, what is -38 - 26490?
-26508
In base 15, what is 29d2e5 - -6?
29d2eb
In base 7, what is 12016236201 + 3?
12016236204
In base 5, what is -113010412 + -102?
-113011014
In base 13, what is 3 - -4a5890?
4a5893
In base 7, what is -422431 + -116?
-422550
In base 4, what is -21203102 - 1001?
-21210103
In base 2, what is -10 + -10100000011000011111011?
-10100000011000011111101
In base 10, what is -327599 - 17?
-327616
In base 10, what is -5 + 390754?
390749
In base 4, what is -20001131 - -22232?
-13312233
In base 6, what is -1305530155 + -5?
-1305530204
In base 7, what is -1 - 56450451?
-56450452
In base 10, what is -137 + -8150236?
-8150373
In base 12, what is -50 - 406b?
-40bb
In base 12, what is 4279b0 - -11?
427a01
In base 13, what is 22b - -ab449?
ab677
In base 5, what is 3244 - -214033?
222332
In base 5, what is 3 + 2442010?
2442013
In base 9, what is 783651 - -804?
784555
In base 12, what is -143392 + 2b?
-143363
In base 10, what is -4 + 1466220?
1466216
In base 14, what is -16208cdb - 4?
-16208d01
In base 4, what is 10122302103 + -10?
10122302033
In base 11, what is 15 + -889346?
-889331
In base 9, what is 1857 + 407840?
410807
In base 9, what is -3 - 1528488?
-1528502
In base 10, what is -5 - -21756470?
21756465
In base 4, what is 10103 - 3023313?
-3013210
In base 10, what is -463250706 + 5?
-463250701
In base 6, what is 4 - 1510542100?
-1510542052
In base 5, what is -14304014424 + 0?
-14304014424
In base 5, what is -20011 + -10?
-20021
In base 15, what is 31 - -d7a9?
d7da
In base 5, what is 2102 + -114242?
-112140
In base 6, what is -10553053025 + -1?
-10553053030
In base 3, what is -2120100220022 + -101022?
-2120101021121
In base 6, what is 2234534042 + -143?
2234533455
In base 7, what is 13 + 2306661?
2310004
In base 5, what is -112314414412 + -10?
-112314414422
In base 7, what is -3 - 43600532?
-43600535
In base 2, what is 101011000111 - -10110101111?
1000001110110
In base 11, what is 7 - 4337867?
-4337860
In base 13, what is -45613b6 + 2?
-45613b4
In base 3, what is -12 - 212102212110211?
-212102212111000
In base 16, what is 8a + -26c3?
-2639
In base 15, what is -729da - 18?
-72a03
In base 16, what is -c4 + 4af2?
4a2e
In base 4, what is -1333332033023 - 0?
-1333332033023
In base 11, what is -341 - 1022870?
-1023101
In base 9, what is -365 + -30355?
-30731
In base 16, what is -3e3c + -1cc?
-4008
In base 7, what is 4145515 - 5?
4145510
In base 6, what is -102 - 5344255?
-5344401
In base 3, what is 1121 - -200211212221?
200211221112
In base 2, what is -100111110100010001011100 - 0?
-100111110100010001011100
In base 16, what is 89 + -144438?
-1443af
In base 11, what is -2 + -63a652?
-63a654
In base 6, what is -125141544 - 543?
-125142531
In base 11, what is 119 - 28138?
-2801a
In base 11, what is a799287 - 3?
a799284
In base 5, what is 4044240 - 104?
4044131
In base 12, what is -4629 - 78401?
-80a2a
In base 3, what is 2 + 10002221220112211?
10002221220112220
In base 9, what is -13 + 2343501?
2343477
In base 8, what is 1237711 - -51?
1237762
In base 6, what is 454 - 222041401?
-222040503
In base 8, what is 2242 + 53522?
55764
In base 13, what is 334b + 379?
36c7
In base 3, what is -1212210 - 10002210?
-11222120
In base 16, what is 940267 + -26?
940241
In base 11, what is 4 - 3a388a71?
-3a388a68
In base 12, what is -9a6a90 - -2?
-9a6a8a
In base 11, what is 412a + 7113?
10242
In base 6, what is -50125 - -325204?
235035
In base 11, what is -30a799 + 24?
-30a775
In base 10, what is -60119 - 187?
-60306
In base 12, what is 1950 + -35a2?
-1852
In base 6, what is 144223 - 31?
144152
In base 11, what is -29 - -21a45?
21a17
In base 11, what is -100047 + -